{"id":2,"date":"2022-10-10T11:49:27","date_gmt":"2022-10-10T11:49:27","guid":{"rendered":"https:\/\/drakenmark-metalworks.de\/?page_id=2"},"modified":"2022-10-10T21:45:16","modified_gmt":"2022-10-10T21:45:16","slug":"sample-page","status":"publish","type":"page","link":"https:\/\/drakenmark-metalworks.de\/","title":{"rendered":"Startseite"},"content":{"rendered":"<p>Hallo liebe Wandernden!<img loading=\"lazy\" decoding=\"async\" class=\"size-medium wp-image-7 alignright\" src=\"https:\/\/drakenmark-metalworks.de\/wp-content\/uploads\/2022\/10\/cropped-dmw-logo-farbe-243x300.png\" alt=\"\" width=\"243\" height=\"300\" srcset=\"https:\/\/drakenmark-metalworks.de\/wp-content\/uploads\/2022\/10\/cropped-dmw-logo-farbe-243x300.png 243w, https:\/\/drakenmark-metalworks.de\/wp-content\/uploads\/2022\/10\/cropped-dmw-logo-farbe.png 693w\" sizes=\"auto, (max-width: 243px) 100vw, 243px\" \/><\/p>\n<p>Ihr sucht eine neue Waffe, um euch gegen all die Orks, Trolle oder Elfen zu verteidigen, die auf den Reisen stets im ung\u00fcnstigsten Moment auftauchen?<\/p>\n<p>Ihr seid eine Orkin, Trollin oder Elfin* und braucht dringend einen neues Werkzeug gegen diese Plage von Menschheit, die sich \u00fcberall herum dr\u00fcckt?<\/p>\n<p>Wir helfen!<\/p>\n<p>Wir produzieren handgefertigte Unikate f\u00fcr den Larpbedarf nach individuellen Absprachen. F\u00fcr uns ist das ein Hobby, an dem wir gemeinsam Spa\u00df haben. Kontaktiert uns, wenn ihr mehr wissen wollt, oder schaut euch in den Galerien um, um zun\u00e4chst einen Eindruck unserer bisherigen Arbeiten zu bekommen.<\/p>\n<p><span style=\"color: #808080;\">*(m\u00e4nnliche und diverse Wesen nat\u00fcrlich mitgemeint)<\/span><\/p>\n","protected":false},"excerpt":{"rendered":"<p>Hallo liebe Wandernden! Ihr sucht eine neue Waffe, um euch gegen all die Orks, Trolle oder Elfen zu verteidigen, die auf den Reisen stets im ung\u00fcnstigsten Moment auftauchen? Ihr seid eine Orkin, Trollin oder Elfin* und braucht dringend einen neues Werkzeug gegen diese Plage von Menschheit, die sich \u00fcberall herum dr\u00fcckt? Wir helfen! Wir produzieren &hellip; <\/p>\n<p class=\"link-more\"><a href=\"https:\/\/drakenmark-metalworks.de\/\" class=\"more-link\">Mehr <span class=\"screen-reader-text\">\u00fcber &#8222;Startseite&#8220; <\/span>Lesen<\/a><\/p>\n","protected":false},"author":1,"featured_media":0,"parent":0,"menu_order":0,"comment_status":"closed","ping_status":"closed","template":"","meta":{"footnotes":""},"class_list":["post-2","page","type-page","status-publish","hentry"],"_links":{"self":[{"href":"https:\/\/drakenmark-metalworks.de\/index.php?rest_route=\/wp\/v2\/pages\/2","targetHints":{"allow":["GET"]}}],"collection":[{"href":"https:\/\/drakenmark-metalworks.de\/index.php?rest_route=\/wp\/v2\/pages"}],"about":[{"href":"https:\/\/drakenmark-metalworks.de\/index.php?rest_route=\/wp\/v2\/types\/page"}],"author":[{"embeddable":true,"href":"https:\/\/drakenmark-metalworks.de\/index.php?rest_route=\/wp\/v2\/users\/1"}],"replies":[{"embeddable":true,"href":"https:\/\/drakenmark-metalworks.de\/index.php?rest_route=%2Fwp%2Fv2%2Fcomments&post=2"}],"version-history":[{"count":4,"href":"https:\/\/drakenmark-metalworks.de\/index.php?rest_route=\/wp\/v2\/pages\/2\/revisions"}],"predecessor-version":[{"id":122,"href":"https:\/\/drakenmark-metalworks.de\/index.php?rest_route=\/wp\/v2\/pages\/2\/revisions\/122"}],"wp:attachment":[{"href":"https:\/\/drakenmark-metalworks.de\/index.php?rest_route=%2Fwp%2Fv2%2Fmedia&parent=2"}],"curies":[{"name":"wp","href":"https:\/\/api.w.org\/{rel}","templated":true}]}}